{"id":226,"date":"2021-12-21T23:21:15","date_gmt":"2021-12-21T23:21:15","guid":{"rendered":"http:\/\/www.salirenuruguay.com\/?page_id=226"},"modified":"2021-12-21T23:21:15","modified_gmt":"2021-12-21T23:21:15","slug":"termas-en-uruguay","status":"publish","type":"page","link":"https:\/\/salirenuruguay.com\/termas-en-uruguay\/","title":{"rendered":"TERMAS en Uruguay"},"content":{"rendered":"\n<p>Uruguay posee varias zonas termales entre los departamentos de Salto y Paysand\u00fa, en las que se han montado diferentes complejos tur\u00edsticos.<\/p>\n\n\n\n<p><\/p>\n\n\n\n<p><strong>SALTO:<\/strong><\/p>\n\n\n\n<ul class=\"wp-block-list\"><li>Termas del Arapey (Salto)<\/li><li>Termas del Daym\u00e1n (Salto)<\/li><li>Termas de Salto Grande (Salto)<\/li><\/ul>\n\n\n\n<p><\/p>\n\n\n\n<p><strong>PAYSAND\u00da:<\/strong><\/p>\n\n\n\n<ul class=\"wp-block-list\"><li>Termas del <em><strong>Guaviy\u00fa<\/strong><\/em> (Paysand\u00fa)<\/li><li>Termas de Almir\u00f3n (Paysand\u00fa)<\/li><li><a href=\"http:\/\/www.salirenuruguay.com\/termas-en-uruguay\/termas-de-san-nicanor-paysandu\/\" target=\"_blank\" rel=\"noreferrer noopener\">Termas de San Nicanor (Paysand\u00fa)<\/a><\/li><\/ul>\n\n\n\n<p>&#8211;<\/p>\n\n\n\n<p>&#8211;<\/p>\n\n\n\n<p>&#8212;<\/p>\n","protected":false},"excerpt":{"rendered":"<p>Uruguay posee varias zonas termales entre los departamentos de Salto y Paysand\u00fa, en las que se han montado diferentes complejos tur\u00edsticos. SALTO: Termas del Arapey (Salto) Termas del Daym\u00e1n (Salto) Termas de Salto Grande (Salto) PAYSAND\u00da: Termas del Guaviy\u00fa (Paysand\u00fa) Termas de Almir\u00f3n (Paysand\u00fa) Termas de San Nicanor (Paysand\u00fa) &#8211; &#8211; &#8212;<\/p>\n","protected":false},"author":1,"featured_media":0,"parent":0,"menu_order":0,"comment_status":"closed","ping_status":"closed","template":"","meta":{"footnotes":""},"class_list":["post-226","page","type-page","status-publish","hentry"],"_links":{"self":[{"href":"https:\/\/salirenuruguay.com\/wp-json\/wp\/v2\/pages\/226","targetHints":{"allow":["GET"]}}],"collection":[{"href":"https:\/\/salirenuruguay.com\/wp-json\/wp\/v2\/pages"}],"about":[{"href":"https:\/\/salirenuruguay.com\/wp-json\/wp\/v2\/types\/page"}],"author":[{"embeddable":true,"href":"https:\/\/salirenuruguay.com\/wp-json\/wp\/v2\/users\/1"}],"replies":[{"embeddable":true,"href":"https:\/\/salirenuruguay.com\/wp-json\/wp\/v2\/comments?post=226"}],"version-history":[{"count":0,"href":"https:\/\/salirenuruguay.com\/wp-json\/wp\/v2\/pages\/226\/revisions"}],"wp:attachment":[{"href":"https:\/\/salirenuruguay.com\/wp-json\/wp\/v2\/media?parent=226"}],"curies":[{"name":"wp","href":"https:\/\/api.w.org\/{rel}","templated":true}]}}